 31. What are the prime factors of h(-23)?
7207
Suppose 3*m = -4*f - 2374, 4*f + 2 = -2. Let a = m - -1447. What are the prime factors of a?
3, 73
Let n be -4 - 12/(12/2). List the prime factors of n/8 + 33031/68.
5, 97
Let t(n) = 3*n**3 + 13*n**2 - 31*n - 11. Let y(m) = -7*m**3 - 26*m**2 + 61*m + 21. Let d(l) = 5*t(l) + 2*y(l). List the prime factors of d(-14).
11, 23
List the prime factors of 7692/2 - (-4 + 0)/(-4 + 8).
3847
Suppose 80 = 2*w - i, -5*w - 5*i = -9*i - 206. Suppose 0 = k + 66 - w. Let y = 36 - k. List the prime factors of y.
2
What are the prime factors of 4 + 2 + 1 + 1912400/200 + -6?
73, 131
Let v = -111 - -314. Suppose 2718 = -v*g + 209*g. List the prime factors of g.
3, 151
Let l = 8197 + 7291. What are the prime factors of l?
2, 11
Let m be (25 + -1)/((-18)/(-48)). Suppose -m = -q - 4*q + 4*f, 2*f - 46 = -4*q. Suppose 35*c = 39*c - q. List the prime factors of c.
3
Let f(g) = -1070*g - 1412. List the prime factors of f(-7).
2, 3, 1013
List the prime factors of ((-4)/4 - -6641)/(54/81).
2, 3, 5, 83
Let h = -7626 - -7629. Let c(u) = -u**2 - 3*u - 2. Let t be c(-2). Suppose l - h*v - 100 = 0, t = -3*l - 4*v + 5*v + 324. What are the prime factors of l?
109
Suppose -9*z - 187669 = -4*c, -54*z + 52*z = 5*c - 234573. What are the prime factors of c?
5, 11, 853
Let g be ((-63)/12)/1 - 2/(-8). Let j be ((-10)/(-8))/g - (-6)/24. Suppose j = d + 2*w - 84, d + 2*w = 7*w + 105. List the prime factors of d.
2, 3, 5
Let d = 34 - 43. Let h(l) = l**3 - 4 + 1436*l - 23 + 10*l**2 - 1441*l. List the prime factors of h(d).
3, 11
Let p = -85712 + 133056. What are the prime factors of p?
2, 11, 269
Let f(k) = 6224*k**2 + 48*k - 50. List the prime factors of f(1).
2, 3, 17, 61
Suppose 22*a = 20*a - 758. Let x = a + 1423. What are the prime factors of x?
2, 3, 29
Let n(k) = 4*k - 13. Let j be n(-2). Let q be 6/j + 5/(105/(-876)). What are the prime factors of (1148/q)/(2/(-9))?
3, 41
List the prime factors of -1 + (-165)/(-30) + (-121995)/(-6).
3, 6779
What are the prime factors of ((-184535)/(-442))/(3/(-180)*-3)?
2, 5, 167
Suppose 94*w - 105*w = -377080. What are the prime factors of w?
2, 5, 857
Let g be (-2 + 0 + 7)/((-3)/84). Let y = g - -284. What are the prime factors of y?
2, 3
Suppose -45498 = -3*t - 3*g, -150*g + 45478 = 3*t - 151*g. What are the prime factors of t?
15161
Suppose -57*g + 2*g = -197117 - 357503. List the prime factors of g.
2, 2521
Let p(l) = 11*l + 2415. List the prime factors of p(-71).
2, 19, 43
Let l = 5697 + -4129. What are the prime factors of l?
2, 7
Suppose 3 = b + c, -4*c - 18 = -b - 2*c. Suppose 4338 = d + b*d. List the prime factors of d.
2, 241
Suppose 66*v - 960875 = -59*v. List the prime factors of v.
7687
Suppose 2*s = -f + 83, 0 = 3*s + f + 2*f - 132. Suppose -s*q + 30*q + 45 = 0. Suppose -2*p + 317 = 5*n, -p - 32 = q*n - 353. What are the prime factors of n?
5, 13
Let i be 44/(-55)*(-5)/(-2). Let w be i/((-2)/43) - (-4 - 0). Let u = w + 8. List the prime factors of u.
5, 11
Let r(l) = -9*l**2 + 10*l + 24. Let h(s) = 5*s**2 - 4*s - 12. Let k(t) = 5*h(t) + 2*r(t). List the prime factors of k(3).
3, 17
Suppose -5*b = -2*q - q - 1223, 5*b - 1217 = -3*q. Suppose -6*c + 164 = -b. List the prime factors of c.
2, 17
Suppose -h = 5*g - 19, 5*h - 9 = 2*g + 5. Suppose -3*d + 1443 = 3*c, 5*c - g*d - 2*d - 2425 = 0. List the prime factors of c.
3, 7, 23
What are the prime factors of (0 + 6)*(-10069335)/(-1026)?
5, 11777
Let s = 4 + 11. Let v = s - 19. What are the prime factors of (93 + v - -2) + 4?
5, 19
Let k = 2555 + -116. What are the prime factors of k?
3, 271
Let s(i) = -66*i + 3838. What are the prime factors of s(-76)?
2, 19, 233
Let d(i) = -1598*i - 728. What are the prime factors of d(-10)?
2, 3, 31, 41
Let i be 12/(-30) + 108/45. Suppose 5*u + 848 = -2*r + 5661, i*r = -u + 961. What are the prime factors of u?
3, 107
Let i(d) = -d**3 - 6*d**2 - 3*d - 3. Let u be i(-2). Let y(g) = g**2 - 14*g + 14. What are the prime factors of y(u)?
5, 73
Suppose 0 = 3*q, 0*j + 441 = 3*j + 5*q. Suppose -i + 172 = s - j, -4*i + 1286 = -s. List the prime factors of i.
3, 107
Let b = -504 - -632. What are the prime factors of -1 - 1 - ((-6 - b) + 5)?
127
Let h(y) = 24*y**2 + 12*y - 25. Let d(c) = -2*c**2 - 19*c + 13. Let b be d(-10). What are the prime factors of h(b)?
227
Suppose 8*a + 57 = 113. Suppose -a*c = -8*c - h + 769, -5*c - h = -3865. What are the prime factors of c?
2, 3, 43
Suppose 0 = -371*f + 335*f + 1124784. List the prime factors of f.
2, 73, 107
Suppose -103881*q + 209 = -103862*q. Let t = 24 + 7. Suppose 32*d - t*d = q. List the prime factors of d.
11
Suppose 29*k - 13*k - 584136 = -26*k. What are the prime factors of k?
2, 3, 19, 61
Suppose -l + 2728 = 4*n - 2317, 0 = -5*l + 4*n + 25129. List the prime factors of l.
47, 107
Suppose 0 = -4*v - 4, 0*v + 4*v = -o + 184. Suppose -314 = -o*n + 186*n. List the prime factors of n.
157
Let r = 98 - 70. Suppose 0 = -3*s + 3*j + 66, 2*s - 3*j - 15 - r = 0. List the prime factors of s/(-1*4/(-12)).
3, 23
List the prime factors of 11/(44/134400) + 117/(-13).
3, 11197
Let k(g) = 2376*g + 2144. List the prime factors of k(12).
2, 479
List the prime factors of ((-350604)/(-18))/(-3*(-3 + (-35)/(-15))).
9739
Suppose -4*p - 7*p + 11066 = 0. Suppose 0 = -5*w + 5, -4*u + w - 123 = -p. List the prime factors of u.
13, 17
Suppose 0 = -2*u - 5*n - 81, u + 3*n - 2*n + 36 = 0. Let d = u - -33. Suppose d = -8*h + 7*h + 13. What are the prime factors of h?
13
Let k = -3067 - -4589. What are the prime factors of k?
2, 761
Let q = -638 + 641. Suppose -q*c + 2*c + 1477 = 0. What are the prime factors of c?
7, 211
Let m(d) = -2*d**2 - 7*d + 8. Let h be m(-6). Let w be (-1699)/(-11) - (-48)/88. What are the prime factors of w/(-60)*h + 2/12?
3, 19
Suppose -l + 68 = -5*c + 6, -4*l + 4*c + 296 = 0. Let k = -76 + l. List the prime factors of -55*k*(3 - 8).
5, 11
Let l(j) = -101*j + 68. Let d(g) = g**2 + 42*g - 51. Let v be d(-43). What are the prime factors of l(v)?
2, 3, 73
Let l = 4 - 0. Let o(s) be the first derivative of 47*s**2/2 - 10*s - 19. List the prime factors of o(l).
2, 89
Let z be ((-1 - -1)/2)/(-2). Suppose 9*i - 17*i + 3008 = z. What are the prime factors of i?
2, 47
Let w(d) = -2*d + 33. Let v be w(17). Let b(z) = 81*z + 8. Let k(m) = 27*m + 2. Let f(y) = -4*b(y) + 11*k(y). What are the prime factors of f(v)?
17
Let y = 4619 - -398. List the prime factors of y.
29, 173
Let s be (5/(-25) - (-3)/15) + 2. Let f(a) = -a**3 + a - 1. Let m(r) = -4*r**3 - 5*r**2 + 5*r - 2. Let q(h) = s*f(h) - m(h). What are the prime factors of q(3)?
2, 3, 5
Let m be (-1 + -1)/((-6)/(-12)). Let c be (-5308)/(-7) + m/14. List the prime factors of c/6 - -1*6/(-18).
2, 3, 7
Suppose k = -2*n + 22, -56 = -3*k + n - 5*n. Suppose -k*a + 1821 = -2055. What are the prime factors of a?
17, 19
Suppose 0 = -20*y + 19*y + 2. Suppose 4*r - y*i = 4976, 5*i + 2508 = 2*r - i. List the prime factors of r.
2, 3, 23
Suppose -16 = k + 3*k + 4*s, -3*k - 4*s - 8 = 0. Suppose -b = -5*b + 52. List the prime factors of 5*b + (-9 - k).
2
Let x be (-3 - (-5)/4)*4. Let c = x + 9. Suppose -2*l - 5*q = -166 - 54, -8 = -c*q. What are the prime factors of l?
2, 5
What are the prime factors of (36/(-27))/(0 - (110/307545)/11)?
2, 7, 29, 101
Suppose 18*u + 18*u - 67138 = 389486. List the prime factors of u.
2, 3, 7, 151
Let h = -1931 - -3421. Suppose 17*p - 22*p + h = 0. What are the prime factors of p?
2, 149
Let d be (12 - 6) + (-3)/(0 + 3). Suppose 2*l + d*b - 33 = 0, -4*l - 7*b + 11 = -8*b. What are the prime factors of l?
2
Let r be (4*1)/((-10)/2 + 7). What are the prime factors of ((-133)/r - 0)/(18/(-36))?
7, 19
Suppose -7*w + 4303 = -2. Let j be (w/(-10) - 3)*16/6. List the prime factors of ((-3)/(-12)*6)/((-2)/j).
3, 43
Let l(q) = -q**2 - 17*q - 27. Let s be 15/45 + 92/(-6). Let a be l(s). Suppose 5*z + w + a*w - 724 = 0, 5*z + 5*w = 725. What are the prime factors of z?
2, 3
Let v = 25185 - 11902. List the prime factors of v.
37, 359
Let t = 122 + 1993. Suppose -1265 - t = -5*d. List the prime factors of d.
2, 13
Suppose 14 - 18 = -m. Suppose -o + m*o - 18 = 0. Let g = o + 41. What are the prime factors of g?
47
Let r = 204 - 199. Suppose 0 = r*u - 103 + 13. List the prime factors of u.
2, 3
Suppose 2*i + 3*n - 55 = 